tors of 6078.
2, 3, 1013
List the prime factors of 634.
2, 317
List the prime factors of 5259.
3, 1753
List the prime factors of 11254.
2, 17, 331
What are the prime factors of 2021?
43, 47
List the prime factors of 5072.
2, 317
List the prime factors of 10831.
10831
List the prime factors of 81540.
2, 3, 5, 151
List the prime factors of 405.
3, 5
List the prime factors of 7659.
3, 23, 37
What are the prime factors of 56002?
2, 28001
What are the prime factors of 54397?
7, 19, 409
What are the prime factors of 4677?
3, 1559
List the prime factors of 104539.
107, 977
What are the prime factors of 386?
2, 193
List the prime factors of 165.
3, 5, 11
What are the prime factors of 54483?
3, 11, 13, 127
List the prime factors of 17223.
3, 5741
What are the prime factors of 3681?
3, 409
What are the prime factors of 9359?
7, 191
List the prime factors of 37926.
2, 3, 7, 43
List the prime factors of 8730.
2, 3, 5, 97
What are the prime factors of 111134?
2, 181, 307
What are the prime factors of 910?
2, 5, 7, 13
List the prime factors of 57817.
17, 19, 179
List the prime factors of 2319.
3, 773
List the prime factors of 1383.
3, 461
List the prime factors of 2222.
2, 11, 101
What are the prime factors of 13170?
2, 3, 5, 439
What are the prime factors of 120674?
2, 60337
List the prime factors of 57592.
2, 23, 313
List the prime factors of 9402.
2, 3, 1567
What are the prime factors of 52340?
2, 5, 2617
List the prime factors of 3261.
3, 1087
What are the prime factors of 409?
409
List the prime factors of 19002.
2, 3, 3167
What are the prime factors of 13896?
2, 3, 193
List the prime factors of 33.
3, 11
What are the prime factors of 4663?
4663
List the prime factors of 5608.
2, 701
What are the prime factors of 10608?
2, 3, 13, 17
List the prime factors of 614.
2, 307
What are the prime factors of 253?
11, 23
List the prime factors of 86678.
2, 19, 2281
What are the prime factors of 15019?
23, 653
List the prime factors of 2403.
3, 89
List the prime factors of 21937.
21937
What are the prime factors of 45173?
199, 227
What are the prime factors of 105136?
2, 6571
List the prime factors of 17439.
3, 5813
What are the prime factors of 71378?
2, 89, 401
What are the prime factors of 3293?
37, 89
What are the prime factors of 4385?
5, 877
What are the prime factors of 31665?
3, 5, 2111
What are the prime factors of 40500?
2, 3, 5
List the prime factors of 71899.
71899
List the prime factors of 613.
613
List the prime factors of 1207.
17, 71
What are the prime factors of 1215?
3, 5
What are the prime factors of 11075?
5, 443
What are the prime factors of 705?
3, 5, 47
List the prime factors of 125088.
2, 3, 1303
List the prime factors of 4992.
2, 3, 13
List the prime factors of 21449.
89, 241
What are the prime factors of 14249?
14249
What are the prime factors of 10043?
11, 83
What are the prime factors of 7207?
7207
List the prime factors of 9026.
2, 4513
List the prime factors of 6104.
2, 7, 109
What are the prime factors of 82156?
2, 19, 23, 47
List the prime factors of 29654.
2, 14827
What are the prime factors of 20605?
5, 13, 317
What are the prime factors of 40722?
2, 3, 11, 617
List the prime factors of 3548.
2, 887
List the prime factors of 367.
367
List the prime factors of 2815.
5, 563
What are the prime factors of 43934?
2, 11, 1997
List the prime factors of 74927.
31, 2417
List the prime factors of 31180.
2, 5, 1559
List the prime factors of 1554.
2, 3, 7, 37
List the prime factors of 173119.
233, 743
List the prime factors of 4976.
2, 311
What are the prime factors of 2343?
3, 11, 71
List the prime factors of 2289.
3, 7, 109
What are the prime factors of 28962?
2, 3, 1609
What are the prime factors of 17060?
2, 5, 853
List the prime factors of 2869.
19, 151
What are the prime factors of 124819?
124819
What are the prime factors of 2629?
11, 239
What are the prime factors of 11913?
3, 11, 19
List the prime factors of 3606.
2, 3, 601
What are the prime factors of 4501?
7, 643
List the prime factors of 61774.
2, 67, 461
List the prime factors of 14034.
2, 3, 2339
What are the prime factors of 66694?
2, 33347
List the prime factors of 132.
2, 3, 11
What are the prime factors of 1224?
2, 3, 17
List the prime factors of 891.
3, 11
What are the prime factors of 68190?
2, 3, 5, 2273
What are the prime factors of 59582?
2, 31
What are the prime factors of 1499?
1499
List the prime factors of 2409.
3, 11, 73
List the prime factors of 33694.
2, 17, 991
List the prime factors of 2587.
13, 199
What are the prime factors of 13091?
13, 19, 53
List the prime factors of 6494.
2, 17, 191
List the prime factors of 11366.
2, 5683
List the prime factors of 1084.
2, 271
List the prime factors of 52259.
52259
What are the prime factors of 16557?
3, 5519
List the prime factors of 1109.
1109
What are the prime factors of 22295?
5, 7, 13
List the prime factors of 1949.
1949
List the prime factors of 930.
2, 3, 5, 31
List the prime factors of 2477.
2477
List the prime factors of 55979.
7, 11, 727
What are the prime factors of 7753?
7753
What are the prime factors of 9819?
3, 1091
What are the prime factors of 405?
3, 5
List the prime factors of 11979.
3, 11
What are the prime factors of 1766?
2, 883
List the prime factors of 2252.
2, 563
What are the prime factors of 48964?
2, 12241
What are the prime factors of 1375?
5, 11
List the prime factors of 422.
2, 211
List the prime factors of 9849.
3, 7, 67
What are the prime factors of 7022?
2, 3511
What are the prime factors of 110446?
2, 7, 23
What are the prime factors of 63320?
2, 5, 1583
List the prime factors of 16018.
2, 8009
What are the prime factors of 4183?
47, 89
List the prime factors of 771.
3, 257
List the prime factors of 182587.
182587
List the prime factors of 2755.
5, 19, 29
What are the prime factors of 1294?
2, 647
What are the prime factors of 658?
2, 7, 47
List the prime factors of 5261.
5261
List the prime factors of 70075.
5, 2803
List the prime factors of 370.
2, 5, 37
List the prime factors of 14915.
5, 19, 157
List the prime factors of 15921.
3, 29, 61
List the prime factors of 358.
2, 179
List the prime factors of 56073.
3, 18691
What are the prime factors of 21582?
2, 3, 11, 109
List the prime factors of 234.
2, 3, 13
List the prime factors of 6351.
3, 29, 73
List the prime factors of 18414.
2, 3, 11, 31
List the prime factors of 6.
2, 3
What are the prime factors of 9205?
5, 7, 263
List the prime factors of 9465.
3, 5, 631
List the prime factors of 8555.
5, 29, 59
What are the prime factors of 805?
5, 7, 23
List the prime factors of 64476.
2, 3, 199
What are the prime factors of 2548?
2, 7, 13
List the prime factors of 63424.
2, 991
List the prime factors of 89.
89
List the prime factors of 10684.
2, 2671
What are the prime factors of 155?
5, 31
What are the prime factors of 205?
5, 41
What are the prime factors of 109057?
13, 8389
List the prime factors of 5214.
2, 3, 11, 79
List the prime factors of 21619.
13, 1663
What are the prime factors of 8642?
2, 29, 149
What are the prime factors of 2494?
2, 29, 43
What are the prime factors of 9682?
2, 47, 103
List the prime factors of 5562.
2, 3, 103
List the prime factors of 25230.
2, 3, 5, 29
What are the prime factors of 1253?
7, 179
List the prime factors of 53741.
61, 881
What are the prime factors of 1241?
17, 73
What are the prime factors of 933?
3, 311
List the prime factors of 9903.
3, 3301
List the prime factors of 1658.
2, 829
What are the prime factors of 18075?
3, 5, 241
List the prime factors of 3523.
13, 271
List the prime factors of 1730.
2, 5, 173
What are the prime factors of 15334?
2, 11, 17, 41
What are the prime factors of 158?
2, 79
List the prime factors of 14151.
3, 53, 89
What are the prime factors of 1881?
3, 11, 19
List the prime factors of 1441.
11, 131
What are the prime factors of 3320?
2, 5, 83
List the prime factors of 9609.
3, 3203
List the prime factors of 6177.
3, 29, 71
List the prime factors of 48777.
3, 71, 229
What are the prime factors of 167?
167
What are the prime factors of 132460?
2, 5, 37, 179
List the prime factors of 9797.
97, 101
List the prime factors of 3007.
31, 97
List the prime factors of 772.
2, 193
What are the prime factors of 18884?
2, 4721
List the prime factors of 1739.
37, 47
List t